2
What is 1bc (base 15) in base 8?
622
Convert -110000 (base 2) to base 13.
-39
-5 (base 15) to base 8
-5
Convert -7 (base 8) to base 7.
-10
Convert 1 (base 2) to base 8.
1
Convert -42 (base 10) to base 14.
-30
-100010011 (base 2) to base 11
-230
Convert 1 (base 3) to base 2.
1
12 (base 3) to base 9
5
-140 (base 5) to base 16
-2d
Convert -9 (base 15) to base 11.
-9
-4c (base 15) to base 7
-132
Convert 87 (base 14) to base 13.
92
Convert -31 (base 11) to base 2.
-100010
What is -24 (base 15) in base 11?
-31
3 (base 8) to base 16
3
-2 (base 7) to base 13
-2
Convert 30 (base 6) to base 16.
12
Convert b (base 15) to base 6.
15
43 (base 7) to base 12
27
What is -14 (base 15) in base 10?
-19
233 (base 9) to base 3
21010
11 (base 5) to base 9
6
What is -26 (base 10) in base 9?
-28
What is 28 (base 13) in base 5?
114
-340 (base 6) to base 3
-11220
What is 42 (base 9) in base 12?
32
Convert 103 (base 4) to base 12.
17
What is -140 (base 9) in base 13?
-90
What is -4 (base 6) in base 11?
-4
Convert -21 (base 15) to base 5.
-111
-1a (base 15) to base 11
-23
54 (base 11) to base 15
3e
Convert -42 (base 9) to base 5.
-123
d (base 16) to base 14
d
-55 (base 10) to base 15
-3a
Convert 1 (base 10) to base 2.
1
Convert 3 (base 12) to base 16.
3
Convert 2 (base 5) to base 7.
2
c (base 14) to base 6
20
Convert 2 (base 10) to base 12.
2
-65 (base 13) to base 2
-1010011
Convert -124 (base 5) to base 6.
-103
-1221 (base 4) to base 6
-253
What is -234 (base 7) in base 15?
-83
-243 (base 7) to base 4
-2001
141 (base 7) to base 10
78
What is -116 (base 7) in base 3?
-2022
Convert 10 (base 7) to base 5.
12
102 (base 6) to base 13
2c
Convert 54 (base 7) to base 15.
29
What is 228 (base 9) in base 2?
10111100
What is 6 (base 11) in base 6?
10
Convert -2 (base 8) to base 5.
-2
1d (base 16) to base 13
23
-10111 (base 2) to base 12
-1b
Convert 21 (base 3) to base 13.
7
Convert 2 (base 7) to base 4.
2
What is 14 (base 7) in base 13?
b
124 (base 9) to base 4
1213
Convert 7 (base 13) to base 5.
12
What is 35 (base 11) in base 3?
1102
Convert -3 (base 5) to base 12.
-3
Convert 3 (base 11) to base 9.
3
40 (base 13) to base 6
124
What is 14 (base 5) in base 7?
12
What is -3 (base 14) in base 15?
-3
-70 (base 9) to base 3
-2100
0 (base 9) to base 10
0
-e (base 15) to base 10
-14
What is 12 (base 3) in base 10?
5
23 (base 5) to base 12
11
Convert 127 (base 8) to base 6.
223
What is 52 (base 16) in base 8?
122
Convert -2220 (base 3) to base 7.
-141
What is -1101 (base 2) in base 10?
-13
Convert 5 (base 16) to base 6.
5
What is 0 (base 2) in base 4?
0
4 (base 8) to base 11
4
5 (base 7) to base 3
12
What is -13 (base 5) in base 9?
-8
Convert -201 (base 3) to base 10.
-19
What is -220 (base 3) in base 16?
-18
-3 (base 8) to base 7
-3
Convert 2e (base 16) to base 5.
141
-1b (base 12) to base 4
-113
What is -28 (base 14) in base 11?
-33
Convert -1421 (base 5) to base 13.
-152
Convert 3 (base 7) to base 14.
3
What is 50 (base 8) in base 3?
1111
-64 (base 10) to base 11
-59
-14b (base 12) to base 6
-535
What is -105 (base 6) in base 13?
-32
What is -104 (base 7) in base 13?
-41
Convert -6 (base 13) to base 6.
-10
36 (base 7) to base 10
27
3 (base 16) to base 13
3
404 (base 5) to base 14
76
What is 1022 (base 4) in base 3?
2202
What is 22 (base 4) in base 15?
a
24 (base 5) to base 2
1110
Convert -112 (base 5) to base 14.
-24
Convert 2321 (base 4) to base 11.
159
10101010 (base 2) to base 13
101
What is 2 (base 4) in base 13?
2
Convert b5 (base 13) to base 15.
9d
Convert 40 (base 6) to base 7.
33
What is -3 (base 7) in base 8?
-3
What is -7 (base 14) in base 4?
-13
What is 1 (base 14) in base 4?
1
What is -3 (base 9) in base 2?
-11
What is -32 (base 4) in base 15?
-e
-1 (base 2) to base 12
-1
Convert -385 (base 9) to base 2.
-101000000
-2 (base 14) to base 9
-2
What is 203 (base 8) in base 12?
ab
Convert -1011110 (base 2) to base 4.
-1132
Convert -5e (base 15) to base 8.
-131
Convert 33 (base 10) to base 9.
36
What is 14 (base 8) in base 6?
20
400 (base 8) to base 7
514
Convert 0 (base 16) to base 15.
0
4 (base 11) to base 7
4
Convert 110 (base 2) to base 15.
6
52 (base 7) to base 14
29
Convert 26 (base 8) to base 3.
211
Convert 13c (base 14) to base 13.
163
-3d (base 14) to base 2
-110111
-3 (base 16) to base 6
-3
What is 0 (base 4) in base 7?
0
20 (base 10) to base 14
16
Convert -4 (base 11) to base 3.
-11
2 (base 16) to base 6
2
-1110111 (base 2) to base 14
-87
Convert -30 (base 13) to base 9.
-43
-a (base 13) to base 3
-101
What is 0 (base 16) in base 12?
0
Convert -162 (base 10) to base 3.
-20000
-64 (base 14) to base 6
-224
Convert -88 (base 16) to base 8.
-210
What is -25 (base 9) in base 7?
-32
Convert 25 (base 16) to base 12.
31
-32 (base 9) to base 15
-1e
What is 3 (base 8) in base 13?
3
20 (base 4) to base 16
8
What is 3 (base 10) in base 6?
3
What is 11 (base 3) in base 8?
4
What is 9b (base 16) in base 2?
10011011
32 (base 6) to base 5
40
Convert 0 (base 9) to base 7.
0
What is -101111 (base 2) in base 9?
-52
-6 (base 15) to base 10
-6
6 (base 12) to base 7
6
10010 (base 2) to base 5
33
Convert -1 (base 5) to base 6.
-1
What is -10 (base 3) in base 11?
-3
Convert 4 (base 13) to base 10.
4
-25 (base 13) to base 9
-34
Convert 45 (base 9) to base 14.
2d
-60 (base 9) to base 16
-36
Convert 1 (base 6) to base 12.
1
15 (base 11) to base 10
16
-2211 (base 3) to base 10
-76
What is -28 (base 12) in base 9?
-35
-2 (base 4) to base 16
-2
-290 (base 12) to base 3
-112200
What is -32 (base 9) in base 5?
-104
Convert 95 (base 10) to base 5.
340
What is -1 (base 9) in base 10?
-1
11 (base 4) to base 14
5
What is 1 (base 5) in base 14?
1
Convert 26 (base 13) to base 9.
35
What is -14 (base 14) in base 9?
-20
What is 211 (base 4) in base 3?
1101
What is -13 (base 6) in base 9?
-10
Convert 34 (base 11) to base 5.
122
Convert 1 (base 9) to base 10.
1
Convert -1 (base 10) to base 9.
-1
What is 1 (base 12) in base 5?
1
-3 (base 5) to base 6
-3
3210 (base 4) to base 2
11100100
What is -10 (base 2) in base 6?
-2
-56 (base 10) to base 7
-110
What is 253 (base 8) in base 13?
102
Convert 45 (base 7) to base 5.
113
What is 1 (base 6) in base 11?
1
What is 4 (base 8) in base 14?
4
166 (base 10) to base 3
20011
12 (base 4) to base 13
6
What is 0 (base 3) in base 13?
0
What is -100110001 (base 2) in base 10?
-305
d (base 14) to base 13
10
What is 1 (base 7) in base 2?
1
Convert -45 (base 16) to base 14.
-4d
Convert -43 (base 5) to base 3.
-212
Convert -12010 (base 3) to base 7.
-255
Convert 21 (base 4) to base 6.
13
-3 (base 14) to base 10
-3
-7 (base 8) to base 12
-7
Convert -37 (base 11) to base 6.
-104
Convert 2 (base 13) to base 3.
2
6 (base 13) to base 10
6
What is -3 (base 9) in base 8?
-3
What is -52 (base 10) in base 14?
-3a
What is 101101 (base 2) in base 3?
1200
Convert -11222 (base 3) to base 10.
-134
What is -46 (base 15) in base 12?
-56
Convert 13 (base 7) to base 14.
a
Convert 1b (base 12) to base 4.
113
What is -11 (base 5) in base 12?
-6
Convert 1011 (base 2) to base 13.
b
Convert -5 (base 10) to base 13.
-5
Convert 0 (base 4) to base 9.
0
What is 40 (base 7) in base 13?
22
What is -f (base 16) in base 13?
-12
Convert 3 (base 4) to base 2.
11
-79 (base 14) to base 5
-412
-100 (base 2) to base 11
-4
What is d (base 16) in base 5?
23
Convert -2 (base 15) to base 7.
-2
Convert -2 (base 13) to base 2.
-10
Convert 2 (base 15) to base 14.
2
-2 (base 9) to base 15
-2
1 (base 4) to base 14
1
Convert -7 (base 12) to base 7.
-10
-28 (base 13) to base 9
-37
Convert -1011111 (base 2) to base 9.
-115
Convert -9 (base 12) to base 2.
-1001
Convert 22 (base 16) to base 13.
28
-241 (base 6) to base 12
-81
Convert 44 (base 5) to base 4.
120
Convert 15 (base 15) to base 11.
19
3b (base 15) to base 10
56
5 (base 7) to base 5
10
Convert -10 (base 16) to base 6.
-24
What is -11 (base 9) in base 12?
-a
100 (base 3) to base 5
14
-11 (base 12) to base 4
-31
Convert f4 (base 16) to base 3.
100001
Convert -15d (base 14) to base 2.
-100010111
What is 11001 (base 2) in base 4?
121
Convert 11 (base 15) to base 5.
31
43 (base 9) to base 2
100111
What is -11 (base 12) in base 10?
-13
What is -11000010 (base 2) in base 16?
-c2
-28 (base 14) to base 8
-44
What is -1 (base 13) in base 4?
-1
What is 0 (base 15) in base 16